s + 3 = 0, 5*r + 0*r - s - 18 = 0. Suppose c - 5*d = -r, 5*c - d = -2*d + 11. Is c + 3/((-6)/(-56)) a multiple of 15?
True
Let z = 598 - 448. Is 15 a factor of z?
True
Let n = 6 - 2. Let r(a) = n*a - 5*a + a + 5*a - 7. Does 14 divide r(7)?
True
Suppose 0 = 4*p - 2*m - 272, 0*p - 4*p - m = -284. Is 70 a factor of p?
True
Let b = 4 - -2. Suppose -64 = -4*q + 4*c, -b*q - c + 69 = -2*q. Is 4 a factor of q?
False
Suppose 180*t - 172*t - 5208 = 0. Is 93 a factor of t?
True
Suppose 0 = -2*v + 7*v - 25. Suppose 2*w = 4*p + 4, -v*p - 2 = -w - 2*p. Suppose -w*r + 26 = -0*r. Is r a multiple of 4?
False
Let c = 242 + 305. Does 120 divide c?
False
Let y(z) = -73 + 36 + 3*z + 30. Let k be y(7). Suppose -k = -2*h + 254. Is h a multiple of 35?
False
Let d = -10 + 18. Let j be 42/112*-1 - (-339)/8. Let k = j - d. Is k a multiple of 9?
False
Suppose -2*l + 66 - 3074 = -4*c, -5*c + 2*l + 3760 = 0. Is c a multiple of 16?
True
Let l = -377 - -1210. Is l a multiple of 24?
False
Let f(k) = -k**3 - k**2 + k + 1. Let g be f(-3). Let z = -13 + g. Suppose -4*b + 172 = -5*i, 210 = 5*b - z*i - 2*i. Is 19 a factor of b?
True
Suppose -3648 = 6*d - 7*d. Suppose 11*g - d = -5*g. Is 20 a factor of g?
False
Suppose 35*f - 33*f = 6. Does 22 divide f/(1*-1) - 1650/(-30)?
False
Let o be ((-16)/(-16))/((-2)/(-10)). Suppose -o*d = -2*d + 2*i - 353, 0 = 5*d - 4*i - 559. Does 35 divide d?
False
Suppose -531 = -10*c + 259. Let x = -19 + c. Is x a multiple of 15?
True
Suppose 3*m = m + 2*l + 142, -5*m = -3*l - 355. Suppose 4*u - m = 37. Is u a multiple of 5?
False
Suppose -3*d + 8 + 25 = 0. Suppose -4*l + 232 + 64 = 0. Suppose 12*q = d*q + l. Is 19 a factor of q?
False
Suppose w = -5*r + 265, -7*w + 8*w - r = 235. Is 16 a factor of w?
True
Suppose 11*m = 17688 + 12243. Does 12 divide m?
False
Let f be 884/(-10) - (-30)/(-50). Let w = 17 + f. Let d = -6 - w. Does 22 divide d?
True
Suppose -4*s + 218 = 2*y - 6*s, -y = -2*s - 112. Is 6 a factor of y?
False
Is 8 a factor of 46/253 + 5/(165/50022)?
False
Let m(g) = -151*g + 37. Let x be m(5). Let l = -482 - x. Is l a multiple of 31?
False
Let o = 790 - 416. Does 28 divide o?
False
Let o(x) = -50*x**2 - 4. Suppose g = -4*z - 3, 4 = 2*g - 3*z + 10. Let y be o(g). Is 25 a factor of (-4)/6 - y/6?
True
Let b be (-9)/21 - 146/(-14). Let s be (-7014)/(-15) - (-4)/b. Suppose s = 6*w + 3*w. Is w a multiple of 13?
True
Let c(t) be the first derivative of -t**2/2 + 2*t - 2. Let k be c(-4). Let z(y) = 2*y + 3. Does 15 divide z(k)?
True
Let j(o) = -93*o - 35. Let x be j(5). Let w = x - -730. Is w a multiple of 46?
True
Suppose 7*t - 543 = -158. Is 5 a factor of t?
True
Suppose 0 = -4*d - 0*g + 4*g + 1140, 5*d - 1428 = 2*g. Is 13 a factor of d?
True
Let n(c) = -35 + 9*c + 43 + 10*c. Is n(4) a multiple of 17?
False
Let q(z) = z**2. Let d be q(0). Let g(o) = -5*o + 8 + 3*o + o. Is 8 a factor of g(d)?
True
Let v be (-5)/(-2)*8/5. Suppose v*s - 655 = 137. Is 18 a factor of s?
True
Let n(t) = -2*t + 27. Let o be n(6). Suppose 12*q + 177 = o*q. Is q a multiple of 17?
False
Suppose -3*o = -2*o - 40. Let f = o + 7. Let s = f + -22. Is s a multiple of 7?
False
Suppose -9*r = -5 + 5. Suppose r*o + 2*o - 40 = -4*j, -4*j + 124 = 5*o. Does 15 divide o?
False
Let a(z) = -z**3 + 12*z**2. Let t(i) = i**2. Let q(r) = a(r) - 5*t(r). Is 50 a factor of q(-5)?
True
Is 4/(-10) - (-5 - 3617/5) a multiple of 14?
True
Let z(c) = -c + 2. Let w be -5*3 + 3 + 2. Does 2 divide z(w)?
True
Does 14 divide 10387/34 - (-9)/(-6)?
False
Let x(p) = p + 13. Let q(s) = -s**3 - 13*s**2 - 22*s + 6. Let j be q(-11). Is x(j) a multiple of 19?
True
Let i(t) = 6*t + 666. Does 11 divide i(0)?
False
Suppose b + 386 = -3*b + 3*x, 3*b = -3*x - 300. Let u = 194 + b. Does 14 divide (-2)/(1 + (-100)/u)?
False
Let p(f) = -3*f + 7. Let c be p(4). Let j be (0 - c)/(-2 + 3). Suppose -437 = -j*t - 92. Is t a multiple of 9?
False
Let g(x) = -x**3 - x**2 + 5*x + 6. Let v be g(-6). Suppose 5*j + v = 5*y + 61, -90 = -4*y - 3*j. Is y a multiple of 21?
True
Suppose -4*u + 9253 = -5*g, 5*g - 4*g = 3*u - 6937. Is u a multiple of 70?
False
Suppose 4*p - 292 = -5*o, 0 = -3*o - 3*p - 2*p + 170. Is 30 a factor of o?
True
Let g(v) = 8*v + 9. Let f(r) = -r**3 - 4*r**2 + 6*r + 2. Let c be f(-5). Let o be g(c). Does 17 divide 63/(-6)*80/o?
False
Let j(t) = t**2 + 7*t + 18. Suppose 2*z + 9 = -5. Is j(z) a multiple of 18?
True
Let i = 31 + -80. Let k = -23 - i. Does 24 divide k?
False
Let s(p) be the second derivative of -p**5/20 + 7*p**4/6 + 5*p**3/6 - p**2/2 + 7*p. Let b be s(14). Suppose -q + 3*k = -37, b = q + q - k. Is 9 a factor of q?
False
Let q(r) = -23*r - 30. Suppose 0 = -2*m - u - 7, 2*m + 3*u - 4*u + 9 = 0. Is 19 a factor of q(m)?
False
Let y(k) = -6*k - 18. Let u be y(-9). Let s = -23 + u. Is 10 a factor of s?
False
Let w = 302 + 131. Suppose -w = -5*l + i + 96, 0 = l - 5*i - 125. Does 21 divide l?
True
Suppose -2*z + o - 359 = -4*z, 0 = -z + 5*o + 185. Does 20 divide z?
True
Let b be -5*(7/(-5) - -1)*38. Suppose 0*d - 2*d + b = -2*t, -2*d + 73 = -t. Is 5 a factor of d?
True
Suppose 3*u = 17*i - 12*i - 2136, u - 424 = -i. Is 13 a factor of i?
False
Let s = -362 - -516. Does 11 divide s?
True
Let x = -17 - -20. Suppose -4*m - 3*g + 252 = 0, 0 = x*m + 3*g - 6*g - 168. Is 5 a factor of m?
True
Let f = -65 - -245. Is f a multiple of 45?
True
Let f = -13 - -6. Let c = f + 10. Suppose c*m = 10 + 14. Is 4 a factor of m?
True
Suppose -146 = -7*d + 610. Does 47 divide d?
False
Suppose -648 = -3*w - 96. Let i = -191 - -194. Suppose -s + w = i*s. Is 12 a factor of s?
False
Suppose -4*p + 371 + 513 = i, i + 448 = 2*p. Let m be -2 + (-1)/((-3)/p). Suppose m = -3*v + 5*v. Is 36 a factor of v?
True
Let j(c) = -c**3 - 3*c**2 + 14*c + 18. Is 13 a factor of j(-7)?
False
Suppose 3 = -2*w + 27. Does 5 divide (-1)/(-4) + 237/w?
True
Let d(n) = -4*n - 2. Suppose 3*b - 2 = -5*l + 4, -3*b = -5*l - 6. Let z be d(b). Is (-316)/z - (-22)/55 a multiple of 16?
True
Let b = 594 - 294. Suppose 580 = 8*t - b. Does 10 divide t?
True
Does 30 divide (9/(-4))/(30/(-23600))?
True
Let v(h) = -152*h + 9. Does 10 divide v(-2)?
False
Let y be (-12)/(-18)*-651*190/(-7). Is (-6)/33 - y/(-55) a multiple of 29?
False
Suppose -202*z + 200*z = -240. Is z a multiple of 30?
True
Let a(s) = 4*s**2 - 3*s - 3. Let k = -8 + 12. Suppose k*m - 6 = -18. Is 14 a factor of a(m)?
True
Let d(x) be the second derivative of x**4/12 - x**3/2 + 2*x**2 - 2*x. Let o be d(3). Suppose -2*n = j + 2*j - 191, -j - o*n + 77 = 0. Is 19 a factor of j?
False
Suppose 4*i = -20, -2*m - 2*i = i - 1415. Does 65 divide m?
True
Let z(x) = -3*x - 1. Suppose 2 + 8 = -5*u. Let f be z(u). Suppose -f*o - 20 = -8*o - 2*v, -v = -1. Is o a multiple of 6?
True
Suppose -19 = -4*m - 11. Let f be 3/((-2)/((-2)/(-1))). Does 5 divide ((-26)/m)/(3/f)?
False
Does 9 divide (-12)/((-1)/(13/((-39)/(-18))))?
True
Let z be 34/4*30 + 5. Suppose 0 = -2*y + w + 252, 0*y - 2*y - 3*w = -z. Is 8 a factor of y?
False
Suppose -q - h + 6 = -0*h, -h - 14 = -4*q. Suppose 11*d - q = 7*d. Is 7 a factor of 17 + -1 - (3 + d)?
False
Let d = 18 + -4. Let j = d + 34. Does 7 divide j?
False
Let r = -1761 - -3399. Is 23 a factor of r?
False
Let o(s) = 2*s**2 - 20*s + 21. Let a be o(9). Suppose -217 = -2*f + a*t, -3*f + 2*t + 346 - 8 = 0. Is 22 a factor of f?
False
Suppose 22*n - 426 - 1840 = 0. Is n a multiple of 9?
False
Let f be -2*((-4 - 0) + 0 + 2). Suppose f*x - 813 = j, -13 - 200 = -x - 3*j. Does 16 divide x?
False
Let l(t) = t**2 - 7. Let k be l(-3). Let h(o) = k*o - 4 - 6*o**2 - o**3 + 2*o + 15*o**2 + 1. Is h(9) a multiple of 11?
True
Suppose 5*f = 4*f - 5*c + 113, 0 = -5*f - 3*c + 543. Is f a multiple of 27?
True
Suppose 4*h + 48 = 8. Let t = 25 + h. Does 3 divide t?
True
Suppose -4*d + 1073 = 4*t - 111, t - 304 = -5*d. Is 14 a factor of t?
True
Let q(r) = -r**3 + 15*r**2 - 12*r + 1. Let w be q(14). Let k = 27 + w. Is 14 a factor of k?
True
Suppose -19*m + 23*m - 12 = 0. Suppose -m*z + 53 = -1. Is z a multiple of 16?
False
Suppose 26 = -4*y + 3*y + 3*d, 0 = -y + 5*d - 28. Does 52 divide 5/(-2)*(y - (5 + -2))?
False
Suppose 142*d = w + 138*d - 757, 2*d - 757 = -w. Does 12 divide w?
False
Let o = -92 + 88. Let r(q) = -66*q - 6. Is 43 a factor of r(o)?
True
Let l(t) = -11*t**3 - 4*t**2 - 4*t + 2. Is 42 a factor of l(-2)?
Fal